
False
Is 27001515955 a composite number?
True
Is 1337670973 composite?
False
Is 910460567 a composite number?
True
Is 1663048526 a composite number?
True
Is 1215682367 a prime number?
True
Is 1108476799 prime?
True
Is 469453921 prime?
True
Is 6839196821 prime?
False
Is 1674052959 prime?
False
Is 509290981 a prime number?
False
Is 1994712961 a composite number?
False
Is 1190348431 a prime number?
True
Is 2699158327 a prime number?
False
Is 275089574 a prime number?
False
Is 1073517559 a composite number?
False
Is 3028530409 a prime number?
True
Is 33166037747 a prime number?
False
Is 18158680511 composite?
True
Is 72626419697 a prime number?
False
Is 83181287 a composite number?
True
Is 643195349 composite?
False
Is 61510302551 a prime number?
False
Is 50175874673 prime?
False
Is 83373583 a composite number?
True
Is 1047267185 prime?
False
Is 5153843395 a prime number?
False
Is 260989699 composite?
True
Is 204654341 a prime number?
False
Is 4481912359 composite?
False
Is 4108018549 prime?
True
Is 6126956021 a composite number?
False
Is 3356212507 composite?
True
Is 218401077557 a composite number?
True
Is 9589863553 a prime number?
True
Is 3316284869 composite?
False
Is 181264301 composite?
True
Is 3128261527 prime?
True
Is 4211663153 a composite number?
False
Is 183236343713 a prime number?
True
Is 48133641541 prime?
True
Is 16411117193 prime?
False
Is 283780648567 prime?
False
Is 5933482859 a prime number?
True
Is 1304418991 a prime number?
False
Is 3622262785 a prime number?
False
Is 5457063379 a prime number?
False
Is 378120355 prime?
False
Is 142586831 a composite number?
True
Is 46814035003 a prime number?
True
Is 1318120207 a prime number?
True
Is 3593264663 prime?
False
Is 2978590787 a composite number?
False
Is 109845618121 a composite number?
True
Is 8121235373 a prime number?
True
Is 30147539 a prime number?
False
Is 61524142577 composite?
False
Is 42564283027 composite?
True
Is 4032179077 a prime number?
False
Is 1522499074 prime?
False
Is 7355064427 a composite number?
True
Is 83498123 a composite number?
False
Is 334793321 composite?
True
Is 547666283 a composite number?
True
Is 34085053 composite?
False
Is 15634343407 a prime number?
True
Is 2696633393 a composite number?
False
Is 38125106987 a composite number?
True
Is 1454776823 a composite number?
True
Is 6878493917 a prime number?
False
Is 40960369601 a prime number?
True
Is 342233659 prime?
False
Is 34513160009 prime?
True
Is 2232410065 composite?
True
Is 126127942781 a composite number?
True
Is 16979476277 composite?
True
Is 196938083 a composite number?
False
Is 7787703683 prime?
False
Is 6069472283 a prime number?
False
Is 23111184287 prime?
True
Is 6650093 a prime number?
True
Is 6971267969 prime?
False
Is 2574675283 prime?
True
Is 5817876047 composite?
False
Is 12698434301 a composite number?
True
Is 373403513 composite?
True
Is 1931394649 composite?
False
Is 689497880137 prime?
False
Is 1937499281 composite?
False
Is 1397136506 a composite number?
True
Is 6575364119 composite?
True
Is 1767335891 composite?
False
Is 2528460367 composite?
False
Is 1102836769 composite?
True
Is 34038710338 prime?
False
Is 11560341707 a composite number?
False
Is 27067112681 a composite number?
True
Is 27044363549 composite?
True
Is 2865756121 a composite number?
True
Is 1244653561 composite?
False
Is 4668212749 composite?
True
Is 1514616583 prime?
False
Is 103253521478 a prime number?
False
Is 80016780433 a composite number?
False
Is 186036427 composite?
False
Is 18069190453 prime?
True
Is 15014677 composite?
False
Is 2253957011 composite?
True
Is 12217268893 a prime number?
False
Is 3399306089 prime?
False
Is 1584653729 a composite number?
False
Is 1778107987 a composite number?
False
Is 124749389959 a composite number?
False
Is 824275279 prime?
True
Is 682155631 a composite number?
False
Is 2475332383 composite?
True
Is 31895017237 prime?
False
Is 4405488049 a prime number?
False
Is 4730105174 a prime number?
False
Is 21545691767 a composite number?
True
Is 300995369 prime?
True
Is 35268481 a prime number?
True
Is 379729763389 composite?
False
Is 3570118823 a composite number?
False
Is 523495657 prime?
False
Is 33969139 a prime number?
True
Is 81725860649 composite?
True
Is 11150911361 a composite number?
True
Is 2565545447 a composite number?
True
Is 149245081 a composite number?
False
Is 3339117895 a prime number?
False
Is 58337209423 a prime number?
False
Is 8107191109 prime?
False
Is 1492295323 composite?
False
Is 90298301 a prime number?
True
Is 2629761287 prime?
False
Is 1137358601 a prime number?
False
Is 9599563793 prime?
False
Is 25622765683 composite?
False
Is 19588943813 composite?
False
Is 141794519 a composite number?
True
Is 38468607487 a prime number?
True
Is 8463990959 composite?
True
Is 1927389059 prime?
False
Is 1305510301 prime?
False
Is 47788356569 composite?
False
Is 2000335573 prime?
True
Is 115031123371 a prime number?
True
Is 785767033 prime?
True
Is 305269469 a composite number?
False
Is 225734705921 a composite number?
True
Is 157958837639 a composite number?
False
Is 38973454631 prime?
True
Is 16387660591 a prime number?
False
Is 177992657659 composite?
True
Is 40209628999 a prime number?
False
Is 40935883 a composite number?
True
Is 704606369 a composite number?
False
Is 138178097191 composite?
False
Is 6614552171 prime?
True
Is 17551834477 a composite number?
True
Is 3527834771 a prime number?
True
Is 18640128281 a prime number?
False
Is 1616309159 composite?
False
Is 14563874063 prime?
True
Is 514400317 composite?
False
Is 654727053 composite?
True
Is 3567926513 a prime number?
False
Is 33447863 a prime number?
False
Is 182190169 a prime number?
False
Is 750793081 a prime number?
True
Is 3384857057 prime?
True
Is 3642135773 a composite number?
True
Is 14072180909 a composite number?
False
Is 7904616529 prime?
False
Is 1900554989 prime?
False
Is 1507956503 composite?
True
Is 179980845779 a composite number?
True
Is 45896865949 a composite number?
True
Is 12001490509 a composite number?
False
Is 10394912513 a composite number?
False
Is 3171448067 a composite number?
True
Is 62018280605 a prime number?
False
Is 340449799 a composite number?
True
Is 14252881961 prime?
False
Is 18775071571 prime?
False
Is 901674287 a prime number?
True
Is 2237001698 composite?
True
Is 21238057627 composite?
True
Is 431571857 a composite number?
True
Is 12281848279 composite?
False
Is 6816069838 a composite number?
True
Is 2886505019 a composite number?
True
Is 33948338533 composite?
False
Is 28272029257 a prime number?
True
Is 115076479787 prime?
False
Is 3995324323 composite?
False
Is 146464621761 a prime number?
False
Is 236050469 prime?
False
Is 1952815349 composite?
True
Is 39040591909 a composite number?
True
Is 289970789 composite?
False
Is 2615951963 composite?
False
Is 27367236877 prime?
True
Is 178739277 a prime number?
False
Is 379592107 composite?
True
Is 193595327 a composite number?
False
Is 21348027229 a prime number?
False
Is 6718988579 a composite number?
False
Is 321374401 a composite number?
True
Is 570445237 composite?
False
Is 347709973903 a composite number?
False
Is 5845856197 composite?
False
Is 19161096259 a prime number?
True
Is 17564283553 a prime number?
False
Is 243805069 a composite number?
False
Is 5382205483 prime?
True
Is 1281417481 composite?
False
Is 20716016759 a composite number?
True
Is 6865774477 a prime number?
True
Is 3886985563 a composite number?
False
Is 333011531 composite?
False
Is 3170964679 a prime number?
True
Is 83420947507 a composite number?
True
Is 3970154 a prime number?
False
Is 2338601185 composite?
True
Is 3579757537 prime?
True
Is 697585783 prime?
True
Is 3442299079 a prime number?
True
Is 134350157 a prime number?
False
Is 1182505243 a prime number?
True
Is 135032755057 composite?
True
Is 750121657 composite?
False
Is 3317362705 a composite number?
True
Is 3842010521 composite?
False
Is 199471787 a composite number?
False
Is 2159504843 a composite number?
True
Is 4984358993 prime?
False
Is 2798959379 prime?
False
Is 3811160839 a prime number?
False
Is 641359099 prime?
False
Is 2683879853 a composite number?
False
Is 21774539389 a composite number?
False
Is 1682491597 a prime number?
True
Is 101659856563 a composite 